{"id":1261,"date":"2011-01-10T20:16:51","date_gmt":"2011-01-10T22:16:51","guid":{"rendered":"http:\/\/www.pastorjoao.com.br\/123\/?page_id=1261"},"modified":"2016-07-28T23:35:37","modified_gmt":"2016-07-29T01:35:37","slug":"agenda-2","status":"publish","type":"page","link":"https:\/\/www.pastorjoaodesouza.com.br\/123\/?page_id=1261","title":{"rendered":"Agenda"},"content":{"rendered":"<h3 style=\"text-align: center;\"><span style=\"color: #0000ff;\">Semin\u00e1rios dispon\u00edveis<br \/>\n<\/span><\/h3>\n<div>\n<h3><strong><span style=\"color: #0000ff; font-size: 1.17em;\"><span style=\"color: #ffffff;\">&#8212;&#8212;&#8212;&#8212;<\/span><\/span><\/strong><\/h3>\n<\/div>\n<div><span style=\"color: #ff0000;\"><strong>1. Semin\u00e1rio de ora\u00e7\u00e3o, intercess\u00e3o e jejuns.<\/strong><\/span><br \/>\nP\u00fablico alvo: Pessoas convertidas.<br \/>\nObjetivo: Compartilhar a necessidade de haver pessoas que saibam orar, interceder e jejuar, sempre alinhados com a vontade de Deus.<br \/>\nQuantidade de palestras: 5<\/div>\n<div>\n<h3><strong><span style=\"color: #0000ff; font-size: 1.17em;\"><span style=\"color: #ffffff;\">&#8212;&#8212;&#8212;&#8212;<\/span><\/span><\/strong><\/h3>\n<\/div>\n<div><strong><span style=\"color: #ff0000;\">2. Semin\u00e1rio de batalha espiritual.<\/span> <\/strong><\/div>\n<div>M\u00f3dulo 1: Batalha em n\u00edvel pessoal<br \/>\nP\u00fablico alvo: Igreja e novos convertidos.<br \/>\nObjetivo: Mostrar que a vida crist\u00e3 \u00e9 uma batalha constante em tr\u00eas n\u00edveis: Contra a carne, contra os dem\u00f4nios e contra as paix\u00f5es da alma.<br \/>\nQuantidade de palestras: 4<\/div>\n<div>\n<h3><strong><span style=\"color: #0000ff; font-size: 1.17em;\"><span style=\"color: #ffffff;\">&#8212;&#8212;&#8212;&#8212;<\/span><\/span><\/strong><\/h3>\n<\/div>\n<div><strong><span style=\"color: #ff0000;\">3. Semin\u00e1rio de batalha espiritual. <\/span><\/strong><\/div>\n<div>M\u00f3dulo 2: Batalha em n\u00edvel estrat\u00e9gico<br \/>\nP\u00fablico alvo: Pastores e lideres da igreja.<br \/>\nObjetivo: Conscientizar os pastores e l\u00edderes das igrejas sobre as potestades e for\u00e7as espirituais que operam num pa\u00eds, regi\u00e3o e numa cidade.<br \/>\nQuantidade de palestras: 5<\/div>\n<div>\n<h3><strong><span style=\"color: #0000ff; font-size: 1.17em;\"><span style=\"color: #ffffff;\">&#8212;&#8212;&#8212;&#8212;<\/span><\/span><\/strong><\/h3>\n<\/div>\n<div><span style=\"color: #ff0000;\"><strong>4. Semin\u00e1rio de liberta\u00e7\u00e3o e cura.<\/strong><\/span><br \/>\nP\u00fablico alvo: Crentes e descrentes; pessoas de todos os credos.<br \/>\nObjetivo: Levar as pessoas a serem libertas das amarras da tradi\u00e7\u00e3o espiritual, dos dem\u00f4nios e das enfermidades.<br \/>\nQuantidade de palestras: 4<\/div>\n<div>\n<h3><strong><span style=\"color: #0000ff; font-size: 1.17em;\"><span style=\"color: #ffffff;\">&#8212;&#8212;&#8212;&#8212;<\/span><\/span><\/strong><\/h3>\n<\/div>\n<div><span style=\"color: #ff0000;\"><strong>5. Semin\u00e1rio de louvor e adora\u00e7\u00e3o.<\/strong><\/span><br \/>\nP\u00fablico alvo: L\u00edderes de louvor, cantores e toda a igreja<br \/>\nObjetivo: Ensinar o que significa a m\u00fasica e louvores do c\u00e9u na vida da igreja.<br \/>\nQuantidade de palestras: 5<\/p>\n<h3><strong><span style=\"color: #0000ff; font-size: 1.17em;\"><span style=\"color: #ffffff;\">&#8212;&#8212;&#8212;&#8212;<\/span><\/span><\/strong><\/h3>\n<\/div>\n<div><span style=\"color: #ff0000;\"><strong>6. Semin\u00e1rio sobre a fam\u00edlia.<\/strong><\/span><br \/>\nP\u00fablico alvo: Pais e filhos; casais.<br \/>\nObjetivo: Levar pais e filhos a crescerem em unidade para que o avivamento venha sobre a igreja. Ministra\u00e7\u00e3o sobre o conflito de gera\u00e7\u00f5es.<br \/>\nQuantidade de palestras: 4<\/div>\n<div>\n<h3><strong><span style=\"color: #0000ff; font-size: 1.17em;\"><span style=\"color: #ffffff;\">&#8212;&#8212;&#8212;&#8212;<\/span> <\/span><\/strong><\/h3>\n<\/div>\n<div><strong><span style=\"color: #ff0000;\">7. Semin\u00e1rio sobre crescimento espiritual e vida da igreja.<\/span><\/strong><br \/>\nP\u00fablico alvo: Toda a igreja.<br \/>\nObjetivo: Ensinar sobre os fundamentos da f\u00e9, da igreja e da vida crist\u00e3.<br \/>\nQuantidade de palestras 4.<\/p>\n<h3><strong><span style=\"color: #0000ff; font-size: 1.17em;\"><span style=\"color: #ffffff;\">&#8212;&#8212;&#8212;&#8212;<\/span><br \/>\n<\/span><\/strong><\/h3>\n<p>Contatos com o Pastor Jo\u00e3o A. de Souza Filho<br \/>\nAutor de 42 livros<br \/>\nE-mail: pastor.escritor@terra.com.br<\/p>\n<\/div>\n<p>&nbsp;<\/p>\n","protected":false},"excerpt":{"rendered":"<p>Semin\u00e1rios dispon\u00edveis &#8212;&#8212;&#8212;&#8212; 1. Semin\u00e1rio de ora\u00e7\u00e3o, intercess\u00e3o e jejuns. P\u00fablico alvo: Pessoas convertidas. Objetivo: Compartilhar a necessidade de haver pessoas que saibam orar, interceder e jejuar, sempre alinhados com&hellip; <\/p>\n","protected":false},"author":1,"featured_media":0,"parent":0,"menu_order":0,"comment_status":"open","ping_status":"open","template":"","meta":{"footnotes":""},"class_list":["post-1261","page","type-page","status-publish","hentry"],"_links":{"self":[{"href":"https:\/\/www.pastorjoaodesouza.com.br\/123\/index.php?rest_route=\/wp\/v2\/pages\/1261","targetHints":{"allow":["GET"]}}],"collection":[{"href":"https:\/\/www.pastorjoaodesouza.com.br\/123\/index.php?rest_route=\/wp\/v2\/pages"}],"about":[{"href":"https:\/\/www.pastorjoaodesouza.com.br\/123\/index.php?rest_route=\/wp\/v2\/types\/page"}],"author":[{"embeddable":true,"href":"https:\/\/www.pastorjoaodesouza.com.br\/123\/index.php?rest_route=\/wp\/v2\/users\/1"}],"replies":[{"embeddable":true,"href":"https:\/\/www.pastorjoaodesouza.com.br\/123\/index.php?rest_route=%2Fwp%2Fv2%2Fcomments&post=1261"}],"version-history":[{"count":0,"href":"https:\/\/www.pastorjoaodesouza.com.br\/123\/index.php?rest_route=\/wp\/v2\/pages\/1261\/revisions"}],"wp:attachment":[{"href":"https:\/\/www.pastorjoaodesouza.com.br\/123\/index.php?rest_route=%2Fwp%2Fv2%2Fmedia&parent=1261"}],"curies":[{"name":"wp","href":"https:\/\/api.w.org\/{rel}","templated":true}]}}